12 - v**3/6 + 7*v**2/2 - 19*v. Determine n(0).
7
Suppose 5*w = 4*s + 3, -w + 2*s - 18 = -5*w. Let i(j) = -4 - j - 1 - 4*j**2 + 5*j**3 - 6*j**w. Determine i(-4).
-1
Suppose 2*r - 3 = z, 0*r + 3*z = -4*r + 21. Let c(s) = -s**2 - s + 2*s + s + s**r - 1. Give c(1).
1
Let v(n) = n + 8. Let y be v(-4). Suppose 2*k - 4 - 76 = 0. Let z be (-6)/y*k/15. Let q(f) = f**3 + 5*f**2 + 5*f - 2. Give q(z).
-6
Let p(j) = -j - 1. Let d be p(-3). Let g = -5 + d. Let c(z) = -z - 3. Give c(g).
0
Let p(y) = 2*y. Suppose 2*b + 8*t - 3*t = 11, b + 4*t - 7 = 0. Let m be ((-4)/b)/(10/15). Calculate p(m).
-4
Suppose 8*x - 3*x - 20 = 0. Let i(z) = -z**2 + 0*z**2 - 3*z + x*z. Let b = -17 + 19. Calculate i(b).
-2
Suppose -a + 5 = -12. Let k = 32 + -28. Suppose 2*n + 3*f - a = 0, k*n + 4*f = 3*n + 16. Let i(y) = y**2 - 2*y - 5. Give i(n).
3
Let k(i) = -6*i - 7*i**2 + 2*i**2 - i**2 - 7 + 5*i**2. Give k(-3).
2
Let y(m) be the third derivative of m**7/2520 + m**6/180 - m**5/30 - 4*m**2. Let i(n) be the third derivative of y(n). Give i(3).
10
Let z(u) be the first derivative of 5/3*u**3 - 1/4*u**4 - u**2 + 7*u - 1. What is z(5)?
-3
Let q be (-2)/(-2) + -10 + 1. Suppose 10*a = -0*a - 60. Let i = a - q. Let v(z) = 4*z - 3. Give v(i).
5
Let j(h) = h**3 - h**2 + 1. Let l(a) = -6*a**3 + 5*a**2 + 3*a - 8. Let r(m) = -5*j(m) - l(m). What is r(2)?
5
Let d = -5 + 1. Let x(l) = 5*l + 1. Let o be (22/3)/(16/(-24)). Let t(n) = -14*n - 4. Let j(r) = d*t(r) + o*x(r). What is j(-4)?
1
Let v be 5*(11/(-5) + 1). Let s(f) = -9*f - 4. Let d(h) = -11*h - 5. Let q(n) = 5*d(n) - 6*s(n). What is q(v)?
5
Suppose 0*l = -l - 6. Let n(o) = -o**3 - 5*o**2 + 9*o + 1. Determine n(l).
-17
Suppose -2*m + 1 = -9. Let t be (-1*1)/((-6)/12). Let d(i) = 4 - 4*i + 0 + t*i. What is d(m)?
-6
Let t(s) = 5*s**2 - 2*s + 0*s**3 + 6 - 3*s - s**3. Suppose -4*d - 8 = -8*d. Suppose -2*c - d = -5*o, o - 3*o = -4. What is t(c)?
2
Let v(h) = -h**2 + 7*h - 6. Let f(u) be the second derivative of u**5/5 + u**3/3 - u**2/2 + u. Let l be f(1). Give v(l).
4
Let y(o) be the first derivative of 2*o**3/3 + 2*o**2 - 3. Calculate y(-3).
6
Suppose -2*u - 4*x + 5 = -1, 3*x - 2 = -2*u. Let z(i) = -3*i - 6. Calculate z(u).
9
Let c be -5 + (1 - (3 - 5)). Let f(o) = 2*o**2 + 2*o - 1. Let v be f(c). Let l(m) = 3 - v + 0 + 2 - 5*m. What is l(2)?
-8
Let n(t) be the first derivative of t**2 - 2*t - 3. Give n(3).
4
Suppose -3*a + 4 = -a. Let l(q) = 0*q + 0*q - 3*q**a + q + q**3. Let p(x) = 2*x**3 + 2*x - 1. Let h be p(1). Give l(h).
3
Let y(v) = -9*v**2 + v. Let j be y(1). Let s(l) = l + 1. Let r be s(4). Let f = j + r. Let n(c) = -c**3 - 3*c**2 - c + 3. What is n(f)?
6
Suppose -5*i - 3*k + 55 = 0, 4*i - k - 16 = 11. Let a = 11 - 10. Suppose 3*m - i = a. Let n(j) = 2*j**2 - 4*j + 2. Determine n(m).
8
Let a be -1 + ((-4)/(-16) - 22/(-8)). Let w(g) be the second derivative of -1/3*g**4 + 3*g + 0 - 1/6*g**3 - 1/2*g**a. Give w(-1).
-4
Let j(f) = -3*f - 9. Let r(t) = 2*t + 5. Suppose -5*u = -3 - 12. Let o be ((-10)/(-8))/(u/(-12)). Let d(w) = o*r(w) - 3*j(w). Determine d(-4).
6
Suppose -3*g + 4*g - 5 = 0. Let o(u) = 14*u - u**2 - g*u - 8*u. What is o(3)?
-6
Suppose 0 = -0*m - m - 5, 2*m + 15 = -5*y. Let x(h) = h. Let a be x(y). Let f(r) = r - 1. Let p(n) = 7*n - 5. Let i(s) = -5*f(s) + p(s). Give i(a).
-2
Let k(u) = -4*u + 3*u**3 - 7*u**2 - 2*u**3 - 2*u**3 + 5. Let o be (-6)/(0 + -1)*1*-1. Calculate k(o).
-7
Suppose 18*d + 45 + 27 = 0. Let w(m) = m + 7. Give w(d).
3
Let h(m) = -13*m**3 + 8*m**3 - 6*m**3 - 1 - 2*m - m**2. Determine h(-1).
11
Let z(k) = 2*k**2 + 4*k + 13. Let d(j) = -3*j**2 - 7*j - 25. Let w(b) = -3*d(b) - 5*z(b). Determine w(0).
10
Suppose -4*k - 24 = d, -21 = -3*k + 8*k - d. Let s(v) = v + 5. Let q(p) = 3*p + 11. Let z(m) = k*s(m) + 2*q(m). What is z(6)?
3
Let c(n) = n**3 + 3*n**2 - n - 3. Let w be 4/(-26) - (-50)/(-13). What is c(w)?
-15
Let h(v) = v - 1. Let d = 12 - 8. Suppose -2*w + 10 = -5*b - 23, -b - 3 = -d*w. Give h(b).
-8
Let u(z) = z**3 - z**2 - z. Let m(y) = -4*y**3 + 9*y + 2. Let b(t) = -m(t) - 5*u(t). Determine b(4).
-2
Let q(t) = 2*t + 7. Suppose 4*c - 8 = -d + 3, -d - 1 = -2*c. Let y(h) = -10*h - 36. Let v(i) = d*y(i) + 16*q(i). Let z(j) = j + 1. Let b be z(-6). What is v(b)?
-6
Let n(a) = a. Let o(z) = -1. Let b(k) = 2*n(k) - o(k). Suppose -6*g + 3*g = 3*p - 3, -5*g = -5*p + 25. Give b(g).
-3
Suppose -2*d - 4*h = -6, 0 = -d + 3*d + 2*h. Let k(l) = -2*l + 2. What is k(d)?
8
Let j(m) be the second derivative of m**4/12 - 2*m**3/3 - 2*m**2 - 4*m. Determine j(5).
1
Let g(x) = x - 3. Let t = 2 + 4. Let q(d) = 0*d - 7*d + d**3 + 10 - d - t*d**2. Let r be q(7). Give g(r).
0
Let a(d) = d**2 - 7*d - 1. Suppose -41 = -3*s + 4*z - 0*z, 5*s + 5*z - 10 = 0. Give a(s).
-1
Let y be (2 - -1)/((-6)/4). Let k(j) be the second derivative of j**3/3 - 11*j. Calculate k(y).
-4
Suppose 4*a = -5*k + 27, 0 = -3*a + 5*k - 0 - 6. Let z(p) be the second derivative of 0 + 1/2*p**2 + 1/12*p**4 + 4*p + 1/2*p**a. Give z(-2).
-1
Let p be 6*3*2/12. Let k(r) = r**2 + r**3 + 0 + 0*r**3 - 1 - 4*r**2. Determine k(p).
-1
Let o(h) = 1. Let g(v) = v**2 + 7*v - 5. Let j(x) = -g(x) - 5*o(x). Give j(-3).
12
Let l(v) = 4 - 32*v**2 + 6*v + 67*v**2 - 34*v**2. What is l(-6)?
4
Suppose 2*w + 0*w = -2. Let z(m) = -9*m**2 + 3*m. Let r(t) = -t. Let c(h) = -4*r(h) - z(h). Determine c(w).
8
Let s(i) be the second derivative of i**7/840 + i**6/60 + i**5/40 + i**4/4 - i**3 + i. Let b(c) be the second derivative of s(c). Calculate b(-6).
-12
Let x be (2/(-1))/((-2)/3). Let t(h) = -3*h - x*h + 1 - h**2 - 3*h + 5*h. Calculate t(-2).
5
Let f(d) be the first derivative of -d**4/4 - 2*d**3/3 + 3*d**2/2 + 6*d + 13. Determine f(-4).
26
Let y(r) = r**2 + r - 2. Let s be y(-2). Suppose -3*i + 2*c + 10 = s, 4*c = c + 3. Let b(u) = u**2 - 5*u - 1. Calculate b(i).
-5
Let z = 8 - 4. Suppose 0 = 2*u + o - 20, -49 = -5*u - o - 2*o. Let s(i) = i + 1 - z*i + u*i. Give s(-1).
-7
Let h(i) = i**2 + 4*i - 5. Suppose 2*q + 1 = s - 9, 5*q = -2*s - 34. Determine h(q).
7
Let r(i) = i**3 + i - 2. Let y = 12 + -7. Suppose -y*s + 4 = -s. Let z be (3 - 6) + 3*s. Calculate r(z).
-2
Let n(q) be the first derivative of 1/3*q**3 - 1/4*q**4 - 1/2*q**2 + 0*q - 5. Determine n(-2).
14
Let v(o) = -o. Let h be v(0). Suppose d - 5*a = 3, -6*d + 2*d + 2*a + 12 = h. Let k(f) = -1 + 4*f - 2*f**2 + 0*f - f + d*f**2. What is k(-5)?
9
Let x(k) be the first derivative of 1 - 2/3*k**3 + 1/2*k**2 - k. Let d(b) be the first derivative of x(b). What is d(-1)?
5
Let c(h) = -h**2 + h - 2. Suppose r = -2*r + 21. Let z(q) = -q**2 + 8*q - 6. Let o be z(r). Let f be o/(-2) + (-15)/(-6). What is c(f)?
-4
Let n(p) be the second derivative of 4/3*p**3 + 0 + 1/20*p**5 - 2*p + 7/12*p**4 + 7/2*p**2. Calculate n(-6).
-5
Let b(t) = 4*t**2 + 2*t + 1. Let g(a) = -a + 9. Let f be g(7). Let o be f + (5 - 3 - 5). What is b(o)?
3
Suppose 0 = -3*d - d + 20. Suppose -3 = -l + d. Let h = l + -3. Let w(p) = 2*p - 3. What is w(h)?
7
Let v(y) be the second derivative of -y**3/3 + y**2 - 4*y. Determine v(-3).
8
Suppose 4*u = 9*u - 35. Let q(b) = 4*b + 4 - u - 5*b + 1. Determine q(-6).
4
Let b(s) = 0*s**2 + 1 + 2*s + 2*s**2 - 2 + 6*s**3 + 2. Determine b(-1).
-5
Let h = 14 + -11. Suppose h*a = 2*a. Suppose c + a = 2. Let m(y) = y**2 + 2. What is m(c)?
6
Let d(g) = -5*g + 5. Let h(o) = -1. Let q(u) = -d(u) - h(u). Suppose -9 = -3*n - 0. Determine q(n).
11
Suppose 47 = -5*p - 28. Let i = p - -11. Let y(t) be the third derivative of t**6/120 + t**5/12 + t**4/12 - t**3/2 + 2*t**2. Give y(i).
5
Let w(b) = -3*b + 2. Let t(p) = -10*p + 7. Let l(x) = -2*t(x) + 7*w(x). Calculate l(5).
-5
Let l(g) = 3 - 6 + 2 + 2 + 4*g. Give l(1).
5
Let f(w) be the third derivative of -w**5/60 + 5*w**4/24 - w**3/2 + w**2. Let h(z) = -3*z + 1. Let o = 4 + -5. Let l be h(o). What is f(l)?
1
Let d(c) = 0*c - 1 + 2 + 2*c + 6*c**2 - 4*c. Calculate d(1).
5
Let z(x) = 212 + 5*x + 6*x + x**3 + 5*x**2 - 4*x - 206. What is z(-4)?
-6
Let j(n) be the first derivative of -n**2/2 - 7*n - 24. Let b be -4 + -5 + (-2)/(-1). Calculate j(b).
0
Let w = 23 - 23. Let f(j) = -j**3 + j**2 - j - 1. What is f(w)?
-1
Suppose 33 - 8 = 5*m. Let h(q) = q**3 - 6*q**2 + 4*q - 1. Let s be h(m). Let i(g) = -2*g - 6. Determine i(s).
6
Let h = -3 - -5. Suppose 0*x - 12 = h*x. Let a be x/(-8) + (-21)/12. Let o(v) 